eatest common factor of 30 and m?
6
Let c = 94 - 105. Let o(b) = -8*b + 31. Let k be o(c). What is the highest common factor of 17 and k?
17
Let o(y) = 3*y**3 - 7*y**2 + 2*y + 7. Let t be o(5). Calculate the highest common factor of 186 and t.
31
Let s = -2292 + 2772. Calculate the greatest common factor of 180 and s.
60
Let s be (304/(-20))/((-2)/120). Calculate the greatest common factor of 48 and s.
48
Suppose 139 = 2*t - x, 2*t + 0*t = 4*x + 148. What is the highest common factor of 204 and t?
68
Suppose 3*k = -29*k + 8352. What is the highest common divisor of k and 348?
87
Let n(v) = -v**3 + 4*v**2 - 3*v + 3. Let s be n(-4). Let y = 1927 + -1914. What is the highest common divisor of y and s?
13
Let o be 82 + (-1 - -4) + -1. Let h be 85/4 + (-13)/52. What is the highest common divisor of h and o?
21
Let f(j) = -10*j**3 - 2*j**2 - 6*j + 1. Let q be f(-3). Suppose 6*k = 29 + q. Calculate the greatest common factor of k and 20.
10
Let m(p) = -p**3 + 3*p**2 - 3*p + 2. Let h be m(2). Suppose 3*w - z + 1 = h, -5*z + 4 = -w + 13. Let j = w - -2. What is the highest common factor of 1 and j?
1
Let r = 1587 + -1350. What is the highest common divisor of r and 1106?
79
Let w be (8/6)/(2 - 58/30). Calculate the highest common factor of w and 340.
20
Suppose -4*n = 3*q - 97, -4*n + 102 = -0*n - 2*q. What is the greatest common divisor of 40 and n?
5
Let q(s) = 9*s**2 - 4*s - 1. Let r be q(1). Suppose -3*j + 59 = 2*c, -j + 5*j = -r*c + 80. What is the greatest common factor of 38 and j?
19
Suppose -a + 29 = t + 2*t, 2*a + 41 = 5*t. Let w be -1*(-2)/(-1) - -29. What is the highest common divisor of w and t?
9
Suppose -c - 28 = -5*r, 0 = 2*r - c + 3*c - 4. Suppose -s = -j + s + 46, 0 = -r*s + 10. What is the greatest common factor of 40 and j?
10
Let h(o) = o + 12. Let p be (2/5)/((-7)/105). Let i be h(p). Calculate the greatest common divisor of 66 and i.
6
Let x = -2292 + 2656. Calculate the greatest common factor of 476 and x.
28
Let g = -345 + 347. Calculate the greatest common divisor of 62 and g.
2
Let s = -416 + 449. Calculate the highest common factor of 44 and s.
11
Let d(p) = 4*p**2 - 18*p + 17. Let m be d(1). What is the highest common factor of m and 2?
1
Let y(l) = 47 - l + 0*l - 55. Let a be y(-13). Let f be ((-110)/a)/(-2 + 1). What is the highest common divisor of 55 and f?
11
Let p = -102 - -466. Let d = p + -252. Calculate the greatest common factor of d and 7.
7
Suppose -w = 4*a - 0*w - 20, 3*a - 4*w = -4. Suppose a*q = 3*s - 61, q - 11 - 30 = -3*s. Calculate the highest common divisor of 3 and s.
3
Let s be (2/3)/((-2)/(-30)). Suppose -21*g + 29*g - 544 = 0. Suppose -g = -5*w - 3*i, i + s = 4*w - 58. What is the highest common divisor of 112 and w?
16
Suppose -6 - 54 = -4*l. Suppose -12 = -5*k + k. What is the highest common factor of k and l?
3
Suppose 4*g - 3*v = 35, 2*g - 5 = 4*v + 5. Let u = -1867 + -1292. Let d be 1/4 + u/(-36). What is the highest common divisor of d and g?
11
Let d(z) = -z**2 + 2. Let x be d(0). Suppose 3 + x = l. Let c be l/10 + (-862)/(-4). Calculate the greatest common divisor of c and 24.
24
Suppose 54*u - 108 = 60*u. Let r(x) = -2*x + 60. Let p be r(u). What is the greatest common divisor of p and 36?
12
Let r(n) = n**3 + 6*n**2 + 2*n - 6. Let w be r(-6). Let j be (-240)/(-72)*w/(-4). Calculate the highest common factor of 30 and j.
15
Suppose -240 = -4*i - 3*v, -2*i - 5*v + 173 = 53. Suppose 3*f - 495 = i. Let d be (-2)/8 - f/(-20). Calculate the highest common divisor of d and 63.
9
Let z = -2380 - -4242. Calculate the greatest common factor of 98 and z.
98
Let z = 799 + -574. Calculate the highest common factor of z and 525.
75
Suppose 0 = d + 4*g - 132, -3*d - 5*g - 63 = -438. What is the greatest common divisor of d and 570?
30
Suppose 0 = -3*k - 21 + 102. Let r be 2660/25 + 48/30. What is the highest common divisor of k and r?
27
Suppose 495 = -r + 4*r. Let i be (-42)/(-8)*(-8160)/(-1428). What is the greatest common factor of i and r?
15
Let n = 4 + -4. Let g(m) = -5*m + 6 + 6 + 4*m + n*m. Let v be g(0). Calculate the highest common divisor of 30 and v.
6
Let w(k) = -k**3 - 3*k**2 + 2*k + 7. Let g = -31 + 27. Let t be w(g). Let c = 9 + 1. Calculate the highest common factor of c and t.
5
Let k(i) = -3*i**2 - 3*i + 3. Let o be k(2). Let a = o - -30. Let d = a - -7. What is the highest common factor of d and 33?
11
Suppose 2*i = -4*t - 8776, -3*t + 3469 = -i - 899. Let q be i/(-42) + (-6)/21. Calculate the highest common factor of 13 and q.
13
Let j = 23 + -17. Let d be (-1 - -371)*3/j. Let w = -133 - -207. What is the greatest common divisor of w and d?
37
Let p = 2176 - 1796. What is the greatest common factor of p and 40?
20
Suppose -2*d + 5*p = -42, 5*p + 23 = 3*d - 40. Calculate the highest common divisor of 18 and d.
3
Suppose -3*h + 138 = 2*f, 3*f - 182 = -4*h + f. Let u = 1421 + -1410. What is the greatest common factor of u and h?
11
Let r = -125 - -127. Suppose r*u + 59 + 21 = 5*l, -2*u = 0. Let p be (-4)/14 + (-32)/(-14). Calculate the highest common factor of p and l.
2
Suppose -1030 = -9*a - 76. Let z be 1/(9/a) - 54/(-243). Calculate the highest common factor of 36 and z.
12
Suppose -2*u + 61 = -2*a - 43, -2*u - a + 86 = 0. Let h(r) = 115*r**3 - r + 1. Let w be h(1). Calculate the highest common factor of u and w.
23
Suppose 6*f = -4 + 28. Suppose -5*h - 152 = -f*v, v = 5*v + 5*h - 112. Calculate the highest common divisor of v and 3.
3
Suppose a - 4 = 1. Suppose u + 2*u + a*k = 28, -5*u + 76 = k. Calculate the greatest common divisor of u and 40.
8
Suppose -q + 13 = -4*s + 58, 0 = 4*s + 3*q - 25. Let r = -7 + s. What is the greatest common divisor of r and 15?
3
Let q be (3 - 0) + (1 - -3). Let p(c) = c**3 - 3*c**2 + 8*c**2 - c + 3*c**2. Let x be p(-7). Calculate the highest common divisor of q and x.
7
Suppose -26*f - 4*f = -1560. Calculate the highest common divisor of 8 and f.
4
Suppose -5*q - 45 = -2*x, -87 = -5*x - q + 5*q. Let p = 7674 - 7659. Calculate the highest common factor of p and x.
15
Let c be (-123)/164 + (-285)/(-12). Calculate the highest common divisor of c and 368.
23
Let r = 9 + -14. Let z be -1*r/((-10)/(-8)). Suppose -35*f + 224 = 21*f. Calculate the greatest common factor of f and z.
4
Let f be (-3 - -2) + 1*4. Suppose 18 = 5*y - f*y. What is the highest common factor of 3 and y?
3
Let n(a) = 4*a**2 - a - 1. Let s be n(3). Suppose 455 = -4*w - 37. Let x = -91 - w. What is the highest common factor of x and s?
32
Let v be (6/8)/(30/80). Suppose 0 = -3*a + 15, v*a + 71 = 2*s + 7*a. Calculate the greatest common factor of s and 23.
23
Suppose 0*s = -s + 9. Suppose 0 = 2*u + 5*z + 2, 0 = 2*u + 2*z - 10. Calculate the greatest common divisor of s and u.
9
Suppose 3*l - 10 = -1. Let i be 1 + 0/(-3) - 0. Let v be (-240)/(-10)*i/2. What is the greatest common factor of v and l?
3
Suppose w + w = 6. Let b be 458/8 - ((-52)/(-16) - w). What is the greatest common factor of 38 and b?
19
Suppose 3*t + 90 = 5*l - 2*t, 4*t = 5*l - 93. Let v(z) = -z**3 + 21*z**2 + 2*z - 25. Let o be v(l). What is the highest common factor of 1 and o?
1
Let u be 3 + (-4 + 5 - 1/(-1)). Let q be (-5 + -1)*(-4)/6. Suppose -4 = -q*s + 4. Calculate the highest common factor of u and s.
1
Let x = -456 - -519. Calculate the highest common divisor of 147 and x.
21
Let f = -11 + 15. Let g = 187 - 187. Suppose 3*i - 40 = -f*h, -5*h + g*h + 2*i = -50. Calculate the greatest common divisor of 25 and h.
5
Let q = -18 - -8. Let b = q - -18. Suppose -3*l + b = -7. What is the greatest common factor of l and 45?
5
Suppose 18*o - 20 = 23*o. Let y be (16/o)/(-4)*-83. Let u = y - -143. What is the highest common divisor of 24 and u?
12
Suppose -1278 = -15*m + 27. What is the highest common divisor of 232 and m?
29
Let z be ((2 - 2) + 0)/1. Let l be (-40)/(-15) - (-6)/18. Suppose z = -7*y + l*y + 216. Calculate the greatest common divisor of y and 6.
6
Suppose -o + 3 = 0, -5*r + 4*o - 4 = o. Let h = 45 - 31. Suppose h = 5*p - 6. Calculate the highest common divisor of r and p.
1
Suppose -3*i = 3*r - 1 - 11, 3*i + 3 = 2*r. Let v be (-98)/28*(i + 54/(-14)). What is the greatest common factor of 110 and v?
10
Let q(o) = 4*o**2 + 13*o + 5. Let i be q(-3). Let p be (2 - (-2 - -3)) + 29 + i. Calculate the greatest